1
What are the prime factors of 950?
2, 5, 19
List the prime factors of 2251.
2251
List the prime factors of 1972.
2, 17, 29
What are the prime factors of 7892?
2, 1973
List the prime factors of 61.
61
What are the prime factors of 886?
2, 443
What are the prime factors of 7075?
5, 283
What are the prime factors of 32634?
2, 3, 7, 37
What are the prime factors of 1578?
2, 3, 263
List the prime factors of 1981.
7, 283
What are the prime factors of 3784?
2, 11, 43
List the prime factors of 6791.
6791
List the prime factors of 85837.
85837
List the prime factors of 3497.
13, 269
List the prime factors of 2431.
11, 13, 17
What are the prime factors of 51791?
67, 773
List the prime factors of 56254.
2, 11, 2557
List the prime factors of 9.
3
List the prime factors of 9658.
2, 11, 439
What are the prime factors of 35741?
103, 347
What are the prime factors of 891?
3, 11
List the prime factors of 1550.
2, 5, 31
List the prime factors of 83.
83
What are the prime factors of 5622?
2, 3, 937
What are the prime factors of 163732?
2, 40933
What are the prime factors of 1977?
3, 659
List the prime factors of 4077.
3, 151
What are the prime factors of 402?
2, 3, 67
List the prime factors of 4593.
3, 1531
List the prime factors of 1781.
13, 137
What are the prime factors of 2071?
19, 109
List the prime factors of 63299.
63299
What are the prime factors of 2524?
2, 631
What are the prime factors of 6439?
47, 137
List the prime factors of 1814.
2, 907
What are the prime factors of 45913?
7, 937
What are the prime factors of 570?
2, 3, 5, 19
List the prime factors of 2576.
2, 7, 23
What are the prime factors of 158?
2, 79
List the prime factors of 1715.
5, 7
List the prime factors of 999.
3, 37
List the prime factors of 56934.
2, 3, 3163
What are the prime factors of 1496?
2, 11, 17
List the prime factors of 387.
3, 43
What are the prime factors of 3409?
7, 487
List the prime factors of 122732.
2, 61, 503
What are the prime factors of 31393?
31393
List the prime factors of 12854.
2, 6427
What are the prime factors of 3347?
3347
What are the prime factors of 11500?
2, 5, 23
What are the prime factors of 1467?
3, 163
List the prime factors of 3926.
2, 13, 151
What are the prime factors of 271?
271
List the prime factors of 2572.
2, 643
What are the prime factors of 38244?
2, 3, 3187
List the prime factors of 7843.
11, 23, 31
What are the prime factors of 7732?
2, 1933
What are the prime factors of 15999?
3, 5333
What are the prime factors of 162?
2, 3
What are the prime factors of 751?
751
What are the prime factors of 1311?
3, 19, 23
List the prime factors of 865.
5, 173
List the prime factors of 1702.
2, 23, 37
What are the prime factors of 6245?
5, 1249
List the prime factors of 1047.
3, 349
List the prime factors of 25335.
3, 5, 563
What are the prime factors of 12866?
2, 7, 919
What are the prime factors of 95162?
2, 47581
List the prime factors of 11001.
3, 19, 193
List the prime factors of 377.
13, 29
List the prime factors of 13780.
2, 5, 13, 53
List the prime factors of 11769.
3, 3923
What are the prime factors of 55685?
5, 7, 37, 43
What are the prime factors of 787?
787
What are the prime factors of 11520?
2, 3, 5
What are the prime factors of 22628?
2, 5657
What are the prime factors of 1167?
3, 389
What are the prime factors of 14491?
43, 337
List the prime factors of 271.
271
List the prime factors of 1303.
1303
List the prime factors of 2312.
2, 17
What are the prime factors of 3624?
2, 3, 151
What are the prime factors of 159189?
3, 47, 1129
What are the prime factors of 1686?
2, 3, 281
What are the prime factors of 139794?
2, 3, 23, 1013
What are the prime factors of 12650?
2, 5, 11, 23
What are the prime factors of 24897?
3, 43, 193
List the prime factors of 12843.
3, 1427
List the prime factors of 927.
3, 103
What are the prime factors of 2998?
2, 1499
What are the prime factors of 10286?
2, 37, 139
What are the prime factors of 2184?
2, 3, 7, 13
List the prime factors of 8560.
2, 5, 107
What are the prime factors of 3755?
5, 751
What are the prime factors of 72199?
17, 31, 137
What are the prime factors of 937?
937
List the prime factors of 1981.
7, 283
What are the prime factors of 12779?
13, 983
List the prime factors of 772.
2, 193
List the prime factors of 1603.
7, 229
What are the prime factors of 1306?
2, 653
List the prime factors of 50698.
2, 25349
List the prime factors of 104674.
2, 199, 263
What are the prime factors of 942?
2, 3, 157
List the prime factors of 69436.
2, 17359
List the prime factors of 31664.
2, 1979
What are the prime factors of 12100?
2, 5, 11
What are the prime factors of 3524?
2, 881
What are the prime factors of 17954?
2, 47, 191
What are the prime factors of 39023?
39023
What are the prime factors of 23416?
2, 2927
List the prime factors of 94719.
3, 31573
List the prime factors of 35170.
2, 5, 3517
What are the prime factors of 1634?
2, 19, 43
List the prime factors of 11979.
3, 11
What are the prime factors of 3752?
2, 7, 67
What are the prime factors of 20548?
2, 11, 467
What are the prime factors of 30007?
37, 811
List the prime factors of 4177.
4177
List the prime factors of 799.
17, 47
List the prime factors of 1377.
3, 17
List the prime factors of 1399.
1399
What are the prime factors of 2698?
2, 19, 71
What are the prime factors of 79356?
2, 3, 17, 389
What are the prime factors of 2068?
2, 11, 47
What are the prime factors of 23100?
2, 3, 5, 7, 11
List the prime factors of 9879.
3, 37, 89
List the prime factors of 2861.
2861
List the prime factors of 11656.
2, 31, 47
List the prime factors of 28136.
2, 3517
List the prime factors of 47113.
11, 4283
List the prime factors of 88989.
3, 29663
List the prime factors of 4303.
13, 331
List the prime factors of 374.
2, 11, 17
List the prime factors of 35183.
151, 233
List the prime factors of 15817.
15817
List the prime factors of 42934.
2, 21467
List the prime factors of 1744.
2, 109
List the prime factors of 169.
13
List the prime factors of 32439.
3, 11, 983
What are the prime factors of 31990?
2, 5, 7, 457
What are the prime factors of 133187?
133187
List the prime factors of 14806.
2, 11, 673
What are the prime factors of 397?
397
List the prime factors of 16114.
2, 7, 1151
What are the prime factors of 10847?
10847
List the prime factors of 116852.
2, 131, 223
What are the prime factors of 41659?
41659
What are the prime factors of 122240?
2, 5, 191
List the prime factors of 1442.
2, 7, 103
What are the prime factors of 2955?
3, 5, 197
What are the prime factors of 7122?
2, 3, 1187
What are the prime factors of 5?
5
What are the prime factors of 22405?
5, 4481
What are the prime factors of 56269?
56269
What are the prime factors of 1676?
2, 419
List the prime factors of 15095.
5, 3019
What are the prime factors of 172?
2, 43
What are the prime factors of 3611?
23, 157
What are the prime factors of 2553?
3, 23, 37
What are the prime factors of 910?
2, 5, 7, 13
What are the prime factors of 27319?
17, 1607
What are the prime factors of 9421?
9421
List the prime factors of 11873.
31, 383
List the prime factors of 38894.
2, 19447
What are the prime factors of 1989?
3, 13, 17
What are the prime factors of 16049?
11, 1459
What are the prime factors of 2716?
2, 7, 97
List the prime factors of 1654.
2, 827
List the prime factors of 12657.
3, 4219
What are the prime factors of 18709?
53, 353
What are the prime factors of 3100?
2, 5, 31
List the prime factors of 4398.
2, 3, 733
What are the prime factors of 146934?
2, 3, 907
List the prime factors of 44910.
2, 3, 5, 499
List the prime factors of 1722.
2, 3, 7, 41
List the prime factors of 1353.
3, 11, 41
What are the prime factors of 1216?
2, 19
What are the prime factors of 61?
61
What are the prime factors of 1700?
2, 5, 17
List the prime factors of 1021.
1021
List the prime factors of 364.
2, 7, 13
List the prime factors of 603.
3, 67
List the prime factors of 10907.
13, 839
List the prime factors of 14037.
3, 4679
What are the prime factors of 2348?
2, 587
List the prime factors of 1179.
3, 131
What are the prime factors of 8756?
2, 11, 199
What are the prime factors of 26235?
3, 5, 11, 53
List the prime factors of 33936.
2, 3, 7, 101
What are the prime factors of 101348?
2, 13, 1949
What are the prime f